{"id":412,"date":"2026-04-11T20:32:23","date_gmt":"2026-04-11T20:32:23","guid":{"rendered":"https:\/\/propiedadesvivanco.cl\/?page_id=412"},"modified":"2026-04-11T21:24:41","modified_gmt":"2026-04-11T21:24:41","slug":"modulares-cim-eco","status":"publish","type":"page","link":"https:\/\/propiedadesvivanco.cl\/index.php\/modulares-cim-eco\/","title":{"rendered":"Modulares CIM ECO"},"content":{"rendered":"\t\t<div data-elementor-type=\"wp-page\" data-elementor-id=\"412\" class=\"elementor elementor-412\">\n\t\t\t\t<div class=\"elementor-element elementor-element-286f3d2 e-flex e-con-boxed e-con e-parent\" data-id=\"286f3d2\" data-element_type=\"container\" data-e-type=\"container\">\n\t\t\t\t\t<div class=\"e-con-inner\">\n\t\t\t\t<div class=\"elementor-element elementor-element-74bcf44 elementor-widget elementor-widget-heading\" data-id=\"74bcf44\" data-element_type=\"widget\" data-e-type=\"widget\" data-widget_type=\"heading.default\">\n\t\t\t\t\t<h2 class=\"elementor-heading-title elementor-size-default\">Modulares CIM ECO<\/h2>\t\t\t\t<\/div>\n\t\t<div class=\"elementor-element elementor-element-b7fba58 e-grid e-con-full e-con e-child\" data-id=\"b7fba58\" data-element_type=\"container\" data-e-type=\"container\">\n\t\t\t\t<div class=\"elementor-element elementor-element-d55d304 elementor-widget elementor-widget-image\" data-id=\"d55d304\" data-element_type=\"widget\" data-e-type=\"widget\" data-widget_type=\"image.default\">\n\t\t\t\t\t\t\t\t\t\t\t\t\t\t\t<img fetchpriority=\"high\" decoding=\"async\" width=\"843\" height=\"533\" src=\"https:\/\/propiedadesvivanco.cl\/wp-content\/uploads\/2026\/04\/Screenshot_1.png\" class=\"attachment-large size-large wp-image-397\" alt=\"\" srcset=\"https:\/\/propiedadesvivanco.cl\/wp-content\/uploads\/2026\/04\/Screenshot_1.png 908w, https:\/\/propiedadesvivanco.cl\/wp-content\/uploads\/2026\/04\/Screenshot_1-300x190.png 300w, https:\/\/propiedadesvivanco.cl\/wp-content\/uploads\/2026\/04\/Screenshot_1-768x485.png 768w\" sizes=\"(max-width: 843px) 100vw, 843px\" \/>\t\t\t\t\t\t\t\t\t\t\t\t\t\t\t<\/div>\n\t\t\t\t<div class=\"elementor-element elementor-element-87501e8 elementor-widget elementor-widget-text-editor\" data-id=\"87501e8\" data-element_type=\"widget\" data-e-type=\"widget\" data-widget_type=\"text-editor.default\">\n\t\t\t\t\t\t\t\t\t<ul>\n \t<li><strong>ECO:<\/strong> 51 m2.<\/li>\n \t<li><strong>ECO:<\/strong>72 m2<\/li>\n<\/ul>\n<br><br><br><br><br><br><br><br><em><strong>Descargue el pdf a continuaci\u00f3n para m\u00e1s informaci\u00f3n:<\/strong><\/em>\t\t\t\t\t\t\t\t<\/div>\n\t\t\t\t<div class=\"elementor-element elementor-element-4a485a9 gallery-spacing-custom elementor-widget elementor-widget-image-gallery\" data-id=\"4a485a9\" data-element_type=\"widget\" data-e-type=\"widget\" data-widget_type=\"image-gallery.default\">\n\t\t\t\t\t\t\t<div class=\"elementor-image-gallery\">\n\t\t\t<div id='gallery-1' class='gallery galleryid-412 gallery-columns-4 gallery-size-thumbnail'><figure class='gallery-item'>\n\t\t\t<div class='gallery-icon landscape'>\n\t\t\t\t<a data-elementor-open-lightbox=\"yes\" data-elementor-lightbox-slideshow=\"4a485a9\" data-elementor-lightbox-title=\"eco51\" data-e-action-hash=\"#elementor-action%3Aaction%3Dlightbox%26settings%3DeyJpZCI6NDM1LCJ1cmwiOiJodHRwczpcL1wvcHJvcGllZGFkZXN2aXZhbmNvLmNsXC93cC1jb250ZW50XC91cGxvYWRzXC8yMDI2XC8wNFwvZWNvNTEucG5nIiwic2xpZGVzaG93IjoiNGE0ODVhOSJ9\" href='https:\/\/propiedadesvivanco.cl\/wp-content\/uploads\/2026\/04\/eco51.png'><img decoding=\"async\" width=\"150\" height=\"150\" src=\"https:\/\/propiedadesvivanco.cl\/wp-content\/uploads\/2026\/04\/eco51-150x150.png\" class=\"attachment-thumbnail size-thumbnail\" alt=\"\" \/><\/a>\n\t\t\t<\/div><\/figure><figure class='gallery-item'>\n\t\t\t<div class='gallery-icon landscape'>\n\t\t\t\t<a data-elementor-open-lightbox=\"yes\" data-elementor-lightbox-slideshow=\"4a485a9\" data-elementor-lightbox-title=\"eco72\" data-e-action-hash=\"#elementor-action%3Aaction%3Dlightbox%26settings%3DeyJpZCI6NDM2LCJ1cmwiOiJodHRwczpcL1wvcHJvcGllZGFkZXN2aXZhbmNvLmNsXC93cC1jb250ZW50XC91cGxvYWRzXC8yMDI2XC8wNFwvZWNvNzIucG5nIiwic2xpZGVzaG93IjoiNGE0ODVhOSJ9\" href='https:\/\/propiedadesvivanco.cl\/wp-content\/uploads\/2026\/04\/eco72.png'><img decoding=\"async\" width=\"150\" height=\"150\" src=\"https:\/\/propiedadesvivanco.cl\/wp-content\/uploads\/2026\/04\/eco72-150x150.png\" class=\"attachment-thumbnail size-thumbnail\" alt=\"\" \/><\/a>\n\t\t\t<\/div><\/figure>\n\t\t<\/div>\n\t\t<\/div>\n\t\t\t\t\t\t<\/div>\n\t\t\t\t<div class=\"elementor-element elementor-element-86fe92a elementor-widget elementor-widget-image\" data-id=\"86fe92a\" data-element_type=\"widget\" data-e-type=\"widget\" data-widget_type=\"image.default\">\n\t\t\t\t\t\t\t\t\t\t\t\t\t\t\t\t<a href=\"https:\/\/propiedadesvivanco.cl\/wp-content\/uploads\/2026\/04\/Catalogo-CIM-ECO.pdf\" target=\"_blank\">\n\t\t\t\t\t\t\t<img loading=\"lazy\" decoding=\"async\" width=\"212\" height=\"300\" src=\"https:\/\/propiedadesvivanco.cl\/wp-content\/uploads\/2026\/04\/modulareco2-212x300.png\" class=\"attachment-medium size-medium wp-image-437\" alt=\"\" srcset=\"https:\/\/propiedadesvivanco.cl\/wp-content\/uploads\/2026\/04\/modulareco2-212x300.png 212w, https:\/\/propiedadesvivanco.cl\/wp-content\/uploads\/2026\/04\/modulareco2.png 455w\" sizes=\"(max-width: 212px) 100vw, 212px\" \/>\t\t\t\t\t\t\t\t<\/a>\n\t\t\t\t\t\t\t\t\t\t\t\t\t\t\t<\/div>\n\t\t\t\t<\/div>\n\t\t\t\t\t<\/div>\n\t\t\t\t<\/div>\n\t\t\t\t<\/div>\n\t\t","protected":false},"excerpt":{"rendered":"<p>Modulares CIM ECO ECO: 51 m2. ECO:72 m2 Descargue el pdf a continuaci\u00f3n para m\u00e1s informaci\u00f3n:<\/p>\n","protected":false},"author":1,"featured_media":0,"parent":0,"menu_order":0,"comment_status":"closed","ping_status":"closed","template":"","meta":{"_eb_attr":"","footnotes":""},"class_list":["post-412","page","type-page","status-publish","hentry"],"_links":{"self":[{"href":"https:\/\/propiedadesvivanco.cl\/index.php\/wp-json\/wp\/v2\/pages\/412","targetHints":{"allow":["GET"]}}],"collection":[{"href":"https:\/\/propiedadesvivanco.cl\/index.php\/wp-json\/wp\/v2\/pages"}],"about":[{"href":"https:\/\/propiedadesvivanco.cl\/index.php\/wp-json\/wp\/v2\/types\/page"}],"author":[{"embeddable":true,"href":"https:\/\/propiedadesvivanco.cl\/index.php\/wp-json\/wp\/v2\/users\/1"}],"replies":[{"embeddable":true,"href":"https:\/\/propiedadesvivanco.cl\/index.php\/wp-json\/wp\/v2\/comments?post=412"}],"version-history":[{"count":19,"href":"https:\/\/propiedadesvivanco.cl\/index.php\/wp-json\/wp\/v2\/pages\/412\/revisions"}],"predecessor-version":[{"id":474,"href":"https:\/\/propiedadesvivanco.cl\/index.php\/wp-json\/wp\/v2\/pages\/412\/revisions\/474"}],"wp:attachment":[{"href":"https:\/\/propiedadesvivanco.cl\/index.php\/wp-json\/wp\/v2\/media?parent=412"}],"curies":[{"name":"wp","href":"https:\/\/api.w.org\/{rel}","templated":true}]}}